 - s. What is the tens digit of r?
8
Let j be (-16)/(-9) - (-2)/9. Let t(w) = -9*w**2 - 73*w - 53. Let x be t(-8). What is the units digit of j + x/9 + 3*63?
6
Suppose 0 = -4*o - t - 213, 2*t + 82 + 84 = -3*o. Let d = o - -55. Suppose -232 - 183 = -4*n - y, 311 = d*n + y. What is the tens digit of n?
0
What is the thousands digit of 3/(9554/2388 + (7 - 11))?
3
Suppose -400 = 2*d + 5*v, 0*d - 5*v + 170 = -d. Let m = d - -294. What is the units digit of m?
4
Let c = -114793 - -173605. What is the ten thousands digit of c?
5
Suppose 3*o + 307 = -4*s, 4*s = 31 - 11. Let x be 358/(-6) - (-2)/(-6). Let c = x - o. What is the units digit of c?
9
Suppose -420*m + 470*m - 355550 = 0. What is the tens digit of m?
1
Let y(m) = 419*m**3 + 12*m**2 - 16*m + 8. What is the thousands digit of y(3)?
1
Suppose 0 = -5*k + 2*m - 70, -2*m = 3*k - 0*m + 26. What is the tens digit of ((-1258)/6)/(1*k/72)?
5
Suppose 235 = 5*m + 5*u, -2*u = 4*m - 4*u - 176. Suppose 3*w = m - 234. Let v = 158 + w. What is the units digit of v?
5
Suppose -371*u + 9 = -368*u. Suppose -2*y + u*y + 2*p = 44, p - 103 = -2*y. What is the units digit of y?
4
Let k(v) = 288*v**2 - v + 14. What is the thousands digit of k(-4)?
4
Let g(d) = -d**2 - 2*d - 7. Let f be g(-5). Let c be (f/5)/((-7)/(-35)). Let b = 43 + c. What is the units digit of b?
1
Let t = -56 - -53. Let d be (78/(-4))/(t/(-18)). What is the tens digit of 12 - 8 - (0 + d)?
2
Suppose -41*t + 47618 = -1106942. What is the thousands digit of t?
8
Suppose -g + 34 = 4*g + 4*i, 4*g - 2*i - 48 = 0. Suppose 0 = g*j - 6*j - 4. Suppose -f + 33 - j = 0. What is the units digit of f?
2
Suppose 130 = 2*n + 5*w - 151, -5*n = -w - 635. Suppose -5*f + n = -22. Let s = 41 + f. What is the units digit of s?
1
Suppose 36 = 18*t - 6*t. Let n(z) = 19*z**3 - z**2 + 9*z - 17. What is the hundreds digit of n(t)?
5
Let b = 510 - 800. Let n = 494 + b. Let k = n - 92. What is the hundreds digit of k?
1
Let z(i) = -4*i**2 - 10 + 2*i + 24 + i**2 + 45. What is the units digit of z(0)?
9
Let r(s) = s**3 + 6*s**2 - 8*s - 25. Let y be r(-5). Let t = 37 - 17. What is the tens digit of -12*(-2)/t*y?
4
Suppose 1 = -2*n + 13. Let z be -24*(4 + (-32)/n). Suppose -p + 31 = 5*j, 5*p - 5*j = 273 + z. What is the units digit of p?
6
Let x(c) = 180*c**3 - c**2 - 20*c - 15. Let m be x(9). What is the tens digit of m/110 + (-8)/(-5)?
9
Suppose -3*z + 7 = -4*t + 40, -40 = -4*t - 4*z. Suppose 7*l = -3*i + t*l + 2191, 5*l = 5. What is the units digit of i?
1
Let r(d) = -3*d**2. Let m(b) = -430*b**2 + 4*b - 4. Let u(q) = -m(q) - 5*r(q). What is the hundreds digit of u(1)?
4
Let l(g) = -3*g**2 + 6*g + 15. Let m be l(6). Let z = -3 - m. Let q = z - 18. What is the tens digit of q?
3
Let s = 136 - 144. Let i(w) be the first derivative of w**3/3 - 9*w**2/2 + 16*w - 1. What is the tens digit of i(s)?
5
Suppose -351*r = -342*r - 27. What is the tens digit of r + ((-1228)/6)/(4/(-6))?
1
Suppose 8 = 5*x - x. Suppose 3*b - x*n - 82 = -b, 3*n - 119 = -5*b. Suppose -6*o + b = -26. What is the units digit of o?
8
What is the units digit of (-2655207)/(-1548)*(-1)/((-1)/12)?
3
Let s(a) = 158*a**2 - 24*a + 31. Let u be s(-8). Suppose -u - 16857 = -24*f. What is the hundreds digit of f?
1
Suppose 40828 + 28828 - 11498 = 6*d. What is the hundreds digit of d?
6
Suppose -105*a + 104*a - 592 = -2*r, -2*r - a = -600. What is the units digit of r?
8
Suppose -60 = -25*u + 24*u. Suppose -u*t + 55*t + 690 = 0. What is the units digit of t?
8
Suppose -11*p + 184 = 129. Suppose -3*v - 1326 = -p*n, 0*v - 264 = -n + v. What is the units digit of n?
7
Suppose 0 = -57*p + 54*p. Let o(y) = y**2 - y + 942. What is the tens digit of o(p)?
4
Let m = 480 - -1108. Let h = -177 + m. What is the units digit of h?
1
Let i = 1394 - 216. What is the tens digit of i?
7
Suppose 0 = 4*f, -2*q - 5*f + 152 = -3*f. What is the tens digit of 67/(19/q*1*2)?
3
Suppose -4*a + 2 = -3*a, -n = -2*a + 5. Let v = n - -30. Suppose -86 = -5*q + v. What is the units digit of q?
3
Let l = 5420 - 2760. What is the hundreds digit of l?
6
Suppose v + 4*t = -12, 0*v + t = -3*v + 8. Let m be ((-4)/(-6) - v)*15. Let b = m + 99. What is the tens digit of b?
4
Let a = 31901 + -18425. What is the tens digit of a?
7
Let t(q) = 2*q + 9. Let f be t(-3). Suppose 64 = 4*u - 5*l, 0 = f*u - 3*l - l - 49. Let m = u + 36. What is the tens digit of m?
4
Let g(m) = 4*m**3 - 4*m**2 + 10*m - 7. Let h be g(3). Suppose -9*a = h - 9959. What is the hundreds digit of a?
0
Suppose 2*n + 131 - 396 = -5*v, -v + 628 = 5*n. Suppose j - 2*q = 127, -j = -0*j - q - n. What is the units digit of j?
3
Suppose -1166*y = -1191*y + 190225. What is the hundreds digit of y?
6
Let d = 27794 - 9920. What is the units digit of d?
4
Suppose 0 = -22*v + 21631 - 5967. Let p = 1305 - v. What is the units digit of p?
3
Suppose -2*n = -2*p + 3*n + 35798, -4*p + 2*n = -71548. What is the ten thousands digit of p?
1
Let l = -95 - -110. Suppose k - l = j + 14, -5*k + 159 = 2*j. Suppose 2*x - k = -3*d, -d = -3*x + d + 27. What is the tens digit of x?
1
Let f be 100/(-1 - -6)*5. Suppose h - 5*h = -f. Let g = 43 - h. What is the tens digit of g?
1
Let p = 91753 - 42495. What is the units digit of p?
8
Let u(p) = 17*p**3 - p**2 - 38*p - 22. What is the thousands digit of u(9)?
1
Let q = 7 - 2. Suppose x + 3 = -l - 4*l, q*x + 3*l + 15 = 0. Let d = 35 - x. What is the units digit of d?
8
Let w be 30/(-16) + 2 - 855/(-72). Suppose 5*i + 4*q = 145, -5*q - w = -5*i + 133. Let h = 183 - i. What is the units digit of h?
4
Let q be 168/(-10)*10/(-4). What is the tens digit of 7/(q/3834) - -2?
4
Suppose -2*h + 156 = 136. What is the hundreds digit of (h/(-8))/((-4 + 8)/(-624))?
1
Let b(i) = -i**3 - 35*i**2 - 5*i - 103. Let k be b(-35). What is the tens digit of (-146)/(-3) - (-8)/k*3?
4
Let c(a) be the third derivative of 5*a**4/6 + 37*a**3/6 - 20*a**2. What is the hundreds digit of c(6)?
1
Let o(x) = -1059*x + 560. What is the thousands digit of o(-12)?
3
Let u(n) = -3*n**3 + 19*n**2 + 12*n + 16. Let s be u(7). Let l(a) = 169*a**3 - 14*a + 16. What is the thousands digit of l(s)?
1
Let j = 27660 + -7636. What is the ten thousands digit of j?
2
Let f(d) = -10*d**3 + 63*d**2 - 30*d + 16. What is the ten thousands digit of f(-9)?
1
Suppose 132*n - 7*n - 951066 = 1629059. What is the units digit of n?
1
Suppose d + 4*y - 37 = 0, -d + y = -66 + 9. Let i = 34 - d. Let s = i - -25. What is the units digit of s?
6
Let h be (-2)/(-4) - 209/(-22). Suppose 0 = h*x - 12*x + 22. What is the tens digit of x?
1
Suppose 46*f - 44*f = 1180. Let i = f - 151. What is the units digit of i?
9
Suppose 10*c - 3*c - 687764 = -22*c. What is the hundreds digit of c?
7
Let s(k) = 2*k**2 + k + 23. Let j be s(0). Suppose 3*c = -2*i + 4946, 4*c = j*i - 22*i + 6602. What is the hundreds digit of c?
6
Let z(b) = -1081*b + 6. Let c be z(-2). What is the hundreds digit of (-9)/(378/(-12)) - c/(-7)?
3
Let m be (-2)/2 + 6399/(-27). Let s = m - -310. What is the units digit of s?
2
Suppose 20*r - 5044 = -6*r. Suppose -48 = -0*d + 4*d. What is the tens digit of r/4 - (42/d - -4)?
4
Let h = -32 - -32. Suppose -4*v + 0*v + 2*w - 8 = h, 5*v - 3*w = -8. What is the tens digit of (132 - (2 - 4))/(-2 - v)?
6
Suppose 2*p = 12*p - 15400. Let g = p + -689. What is the hundreds digit of g?
8
Let n be (-1 - (-15)/20)*2*-288. Suppose 0 = -2*c - a + 72, 4*c + 0*a - n = 5*a. What is the units digit of c?
6
Let x = -70 + 75. What is the hundreds digit of x - 5 - (-2 + -348)?
3
Suppose 6*n = 1084 + 9518. Suppose 1762 = 3*m + 4*g, -7*m + 10*m + 3*g - n = 0. What is the units digit of m?
4
Let l = 66 + -59. Let h(s) = s**2 - 8*s + 19. Let q be h(l). What is the units digit of ((-16)/q)/(428/(-213) - -2)?
2
Let f = -22 - -24. Suppose y + 2*s = 3*s - 33, -f*y - 3*s - 91 = 0. Let m = y - -72. What is the tens digit of m?
3
Let b(s) = -3*s**3 - s**2 + 2*s - 19. Suppose 75 = -26*t - 133. What is the tens digit of b(t)?
3
Let v be ((-66)/(-15))/(28/560). Suppose -96 = -3*y - y. Let n = v - y. What is the units digit of n?
4
Let n(f) = -40*f - 12. Let r be n(-2). Let p = 72 - r. Suppose p*t - 208 = 60. What is the units digit of t?
7
Let u(b) = -52*b**3 + 3*b**2 - 48*b - 474. What is the hundreds digit of u(-8)?
7
Suppose 98*u - 102*u = -36. Suppose 4*c - 